t k = 4 + 102. List the prime factors of k.
2, 53
Let f = -5 - -7. Let q(p) = 3*p**3 + 1 + 4*p - f*p**3 - 3*p - 9*p**2. What are the prime factors of q(9)?
2, 5
Let d = 13 - 11. Suppose d*k = -2*k + 92. What are the prime factors of k?
23
Let w = 18 - -27. What are the prime factors of w?
3, 5
Suppose 1179 = 9*m - 783. What are the prime factors of m?
2, 109
Suppose -1 = 2*q - 5. Let u be q/7 + 204/21. Suppose 0 = -5*l + 35 + u. What are the prime factors of l?
3
Suppose 0 = 4*v - 5*c - 4, -41 = -4*v - 5*c + 3. Let l be (0 + v)/1 - 3. What are the prime factors of (70/(-6))/(-5)*l?
7
Let j(f) = f**2 - 6*f + 2. Let v be j(5). Let d be 4/v - (-3)/9. Let q = d - -3. List the prime factors of q.
2
Let w = 1 + 4. Suppose 5*t - w*b - 95 = 0, -67 = -4*t - b - 6. Let u = t - 8. List the prime factors of u.
2
Suppose -4*x = -p - 680, -5*x + 2*x + 2*p + 510 = 0. What are the prime factors of x?
2, 5, 17
Let n be 6/(-33) + (-4)/(-22). Suppose z - 132 = -4*f - n*z, 3*f = -z + 98. Suppose 2*v - 4*j = f, 4*j + 1 = -7. What are the prime factors of v?
13
Suppose -6*g + 5*g = -35. List the prime factors of g.
5, 7
Let h = 4 - 13. Let k = 14 - h. What are the prime factors of k?
23
What are the prime factors of (204/9)/((-2)/(-3))?
2, 17
Suppose 3*v + o = 16, -16 + 42 = 3*v - o. Let s = -3 + v. List the prime factors of 70/s - 2/4.
17
Let j = -30 - -53. What are the prime factors of j?
23
Let m(j) = 11*j**3 - j**2 + j. Let t be m(1). Suppose -4*a + t = -3*a. What are the prime factors of a?
11
Let o be 3 + (-3 - 3) + -1. Let t be 180/o*3/(-5). Let q = -14 + t. List the prime factors of q.
13
Let j = 6 - 0. Let r be (6/(-18))/((-2)/j). Let v(m) = 7*m**2 - 1. What are the prime factors of v(r)?
2, 3
What are the prime factors of 2 + 8*(-1 - -2)?
2, 5
Let a = 3 - 2. What are the prime factors of -3 + 36 - (3 + a)?
29
Let n be (-7 + -3)*(-2)/5. Suppose n*r = 7 + 17. List the prime factors of r.
2, 3
Let f be (-476)/20 - 2/10. Let q be (-1)/4 - 126/f. Suppose q*p = 4*p + 12. List the prime factors of p.
2, 3
Suppose 4*d - 81 + 9 = 0. Let r(b) = b + 3. Let j be r(-3). Suppose -d + j = -3*n. List the prime factors of n.
2, 3
Let b be -1 + (3 - (-7 - -1)). What are the prime factors of (-4)/b + (-13)/(-2)?
2, 3
Let d(i) be the second derivative of i**5/20 - i**4/3 - i**3/2 + 5*i**2/2 + i. Let t be d(4). Let w = t + 14. What are the prime factors of w?
7
Let d(r) = r**3 + r + 1. What are the prime factors of d(3)?
31
Let q be (-1)/(-5) + (-26)/5. Let n(l) = l**2 - l - 1. Let j be n(q). Suppose 0 = 4*f - 7 - j. What are the prime factors of f?
3
Let g = 51 + -24. What are the prime factors of g?
3
Let n(i) = 2*i**2 + 4*i + 7. Let f be (2/3)/((-4)/18). What are the prime factors of n(f)?
13
Let n(x) = -x**3 + 15*x**2 + 4*x - 10. List the prime factors of n(15).
2, 5
Let u = 102 + -58. List the prime factors of u.
2, 11
Suppose -220 = -x + t, t = -3*x + 6*t + 670. List the prime factors of x.
5, 43
Let x be 3*(-7)/(-3) - 2. Suppose -j = 5*i - 25, 1 = 4*i - 2*j - x. Suppose -4*s + 24 = 4*r - 2*r, -i*r + 5*s + 9 = 0. What are the prime factors of r?
2, 3
Let l(i) = -78*i + 13. What are the prime factors of l(-5)?
13, 31
Suppose b - 2 + 0 = 0. Suppose -2*f + b*q = -3*q + 9, -5*q + 24 = 3*f. Suppose r = f*r - 22. What are the prime factors of r?
11
Suppose f = 5*v + 59, 4*f - 3*v + 57 = 276. Let b = -34 + f. List the prime factors of b.
2, 5
Suppose 182 = 24*h - 22*h. List the prime factors of h.
7, 13
Let n be 1215/10*(-4)/(-6). Suppose -n = -3*c + 72. What are the prime factors of c?
3, 17
Let s(n) = 51*n**2 - 2*n - 1. Let d be s(-1). Suppose 3*z = -z + d. List the prime factors of z.
13
Suppose -4*y = v - 3*v - 88, -3*v + 108 = 4*y. List the prime factors of y.
2, 3
Suppose -5*c + 144 + 206 = 0. What are the prime factors of c?
2, 5, 7
Let c be (-115)/20 - 1/4. Let x = 8 + c. Suppose -r = x*r - 33. List the prime factors of r.
11
Let z(u) = 1. Let l(b) = -b**3 + 7*b**2 - 8*b + 12. Let w(h) = l(h) - 5*z(h). List the prime factors of w(5).
17
Let p = 113 - 53. What are the prime factors of p?
2, 3, 5
Let k = 23 - -3. List the prime factors of k.
2, 13
Let a = 3 + 4. Let t be 2*((-140)/(-8) + -4). Suppose -3*n + a = 2*q - 22, t = 2*q + 5*n. What are the prime factors of q?
2
Suppose 2*n - 7*n = 20. What are the prime factors of (0 - n)*(-50)/(-40)?
5
Suppose 2 - 4 = 4*d - 2*t, -t = 3*d + 9. Let i be -4 + (d - (-1 - -1)). List the prime factors of (-6)/(-3)*i*-1.
2, 3
Let l = -12 + 16. Suppose 7 = v - l. List the prime factors of v.
11
Let m(s) = s**3 + 2*s**2 - 3*s + 1. Let c be m(2). Let r = -21 + c. What are the prime factors of (-2)/r + 384/30?
13
Suppose 7*q - 6 = 5*q. Suppose -q*o + 2*o = -11. List the prime factors of o.
11
Let n be (3/(-2))/(12/(-16)). Suppose 3*h = -u + 8, -3*u + 8 = -n*u + 4*h. Suppose u = -3*r - 2*c + 26, -5*c + 18 = 3*r. What are the prime factors of r?
2, 3
Suppose -4*v - 3 = -43. Let n be ((-6)/(-5))/((-2)/10). Let a = n + v. List the prime factors of a.
2
Let m(h) = -16*h + 3. Let f be m(3). Let i = f + 77. List the prime factors of i.
2
Let z be (-8)/(-20) - 406/(-10). Let w be (-1)/5 - z/(-5). Suppose 2*b - 2 - w = 0. List the prime factors of b.
5
Let a = 7 + -4. Let z = 4 - 2. Suppose z*o - 25 = -5*g, -2*g = a*o + 3*g - 35. What are the prime factors of o?
2, 5
Let l(y) = -y - 8. Suppose 0 = -0*a + 5*a + 50. Let o be l(a). Let w = o - -1. List the prime factors of w.
3
Let h(z) = -z**2 + 5*z + 5. Let s(v) = -5*v**3 - v**2. Let q be s(-1). Let t be h(q). What are the prime factors of 0 + 0 + t + 2?
11
Suppose 2*h + 156 = -2*h. Let z = 58 + h. What are the prime factors of z?
19
List the prime factors of (32/(-5))/((-2)/20).
2
Let t(a) = a**3 - 7*a**2 - 9*a + 12. Let m be t(8). Let u(n) = 3*n + 4. List the prime factors of u(m).
2
Let l(n) = -9*n - 3 + 1 + 0*n + 2*n. List the prime factors of l(-3).
19
Let q(n) = -4*n**3 - 1. List the prime factors of q(-1).
3
Suppose -2*u + 27 = u. Suppose 3*w + 126 = u*w. List the prime factors of w.
3, 7
Let q(g) = g - 7. Let y be q(4). What are the prime factors of 12*((-8)/y)/2?
2
Let l be (6/(-4))/((-6)/16). Let s = 6 - l. List the prime factors of s.
2
Suppose -2*o + 5*u + 29 = 0, 3*o - 3 = 4*o + u. Suppose -b + 20 = 4*t, -o*t + 4*t - 5*b - 10 = 0. List the prime factors of t.
5
Suppose 3*j - 54 = 2*q, -j = -2*q - 7 - 11. Suppose 5*m - j = -3. Suppose 0 = 4*o - m*o - 5. What are the prime factors of o?
5
Let z(h) = h**2 + 9*h + 3. Let l be z(-8). List the prime factors of (6/8)/(l/(-80)).
2, 3
Let m = -177 - -228. List the prime factors of m.
3, 17
Let f = 51 + -71. Let w = -14 - f. List the prime factors of 78/(-9)*w/(-4).
13
Suppose -t + 68 = 3*l, 5*l - 2*t - 80 = 2*l. Suppose 0 = 2*b - 4*h + 2, 3*b + 5*h = 76 - l. Let m = b + 0. List the prime factors of m.
3
Suppose 4*k + 4*q = 400, 4*k = 4*q + 306 + 70. What are the prime factors of k?
97
Let k(f) = f**2 + 9*f + 7. Let d be k(-5). What are the prime factors of -2*3/(6/d)?
13
Suppose -a = -g + 46, -4*g + 232 = g - 3*a. List the prime factors of g.
47
Let s(r) = r**2 - r - 1. Let d(z) = 4*z**2 + 3*z. Let b(a) = d(a) - 5*s(a). Let m(u) = u**3 + 7*u**2 - 10*u - 8. Let k be m(-8). List the prime factors of b(k).
5
Suppose 2*i + 2*b - 45 = -1, 5*b + 70 = 4*i. Suppose 7*t = 2*t + i. List the prime factors of t.
2
Suppose -9 = 3*h, 2*c + 2*h - 15 - 67 = 0. List the prime factors of c.
2, 11
Let g(h) = -h**3 - 4*h**2 + h + 10. List the prime factors of g(-5).
2, 3, 5
Let h be (-1 - -1) + 5 + -3. Let k be h/8 + 11/4. Suppose 5*m + b = 14 + 4, -k*b = -m - 6. List the prime factors of m.
3
Let o(g) = -2*g**2. Let i be o(1). Let w be i/(-11) - 42/(-11). Suppose -2*u + 12 = 3*n, n - 3*u - w = -0*u. List the prime factors of n.
2
Suppose 2*k + 5*w = 400, 4*k - 669 = -w + 167. What are the prime factors of k?
2, 3, 5, 7
Let q(a) = 14*a**3 + 10*a**2 + 3*a - 5. Let u(t) = 5*t**3 + 3*t**2 + t - 2. Let s(h) = -4*q(h) + 11*u(h). What are the prime factors of s(-7)?
5
Let m be 3 - (-1 + 2 - 3). Let n = m - 2. List the prime factors of n.
3
Let y = 83 - 155. List the prime factors of (-14)/4*y/63.
2
Suppose 4*n = 3*c - 25, n - 9 = -4. Suppose -c + 4 = -d. What are the prime factors of d?
11
Suppose 0 = -3*x + 2*c + 22 + 2, 0 = -x - 2*c. Suppose 0 = -2*a + 18 - x. Su